{"id":1378,"date":"2014-08-07T15:40:50","date_gmt":"2014-08-07T13:40:50","guid":{"rendered":"http:\/\/www.beraternetworking.de\/?page_id=1378"},"modified":"2020-03-05T15:09:31","modified_gmt":"2020-03-05T13:09:31","slug":"buecher","status":"publish","type":"page","link":"https:\/\/www.beraternetworking.de\/?page_id=1378","title":{"rendered":"B\u00fccher"},"content":{"rendered":"<p>Mein B\u00fcro platzt aus allen N\u00e4hten, so dass ich mich von einigen Fachb\u00fcchern trennen will.<\/p>\n<p>Meine aktuellen Angebote, finden Sie <a href=\"https:\/\/www.booklooker.de\/B%C3%BCcher\/Angebote\/showAlluID=3177709\">hier<\/a><\/p>\n<p><img data-recalc-dims=\"1\" loading=\"lazy\" decoding=\"async\" class=\"aligncenter size-full wp-image-1123\" src=\"https:\/\/i0.wp.com\/www.beraternetworking.de\/wp-content\/uploads\/2013\/09\/book-58446_150.jpg?resize=150%2C113&#038;ssl=1\" alt=\"\" width=\"150\" height=\"113\" \/><\/p>\n<p><\/p><div class=\"twoclick_social_bookmarks_post_1378 social_share_privacy clearfix 1.6.4 locale-de_DE sprite-de_DE\"><\/div><div class=\"twoclick-js\"><script type=\"text\/javascript\">\/* <![CDATA[ *\/\njQuery(document).ready(function($){if($('.twoclick_social_bookmarks_post_1378')){$('.twoclick_social_bookmarks_post_1378').socialSharePrivacy({\"services\":{\"facebook\":{\"status\":\"on\",\"txt_info\":\"2 Klicks f\\u00fcr mehr Datenschutz: Erst wenn Sie hier klicken, wird der Button aktiv und Sie k\\u00f6nnen Ihre Empfehlung an Facebook senden. Schon beim Aktivieren werden Daten an Dritte \\u00fcbertragen - siehe <em>i<\\\/em>.\",\"perma_option\":\"off\",\"action\":\"like\",\"language\":\"de_DE\"},\"twitter\":{\"reply_to\":\"\",\"tweet_text\":\"B%C3%BCcher\",\"status\":\"on\",\"txt_info\":\"2 Klicks f\\u00fcr mehr Datenschutz: Erst wenn Sie hier klicken, wird der Button aktiv und Sie k\\u00f6nnen Ihre Empfehlung an Twitter senden. Schon beim Aktivieren werden Daten an Dritte \\u00fcbertragen - siehe <em>i<\\\/em>.\",\"perma_option\":\"off\",\"language\":\"de\",\"referrer_track\":\"\"},\"xing\":{\"status\":\"on\",\"txt_info\":\"2 Klicks f\\u00fcr mehr Datenschutz: Erst wenn Sie hier klicken, wird der Button aktiv und Sie k\\u00f6nnen Ihre Empfehlung an Xing senden. Schon beim Aktivieren werden Daten an Dritte \\u00fcbertragen - siehe <em>i<\\\/em>.\",\"perma_option\":\"off\",\"language\":\"de\",\"referrer_track\":\"\"}},\"txt_help\":\"Wenn Sie diese Felder durch einen Klick aktivieren, werden Informationen an Facebook, Twitter, Flattr, Xing, t3n, LinkedIn, Pinterest oder Google eventuell ins Ausland \\u00fcbertragen und unter Umst\\u00e4nden auch dort gespeichert. N\\u00e4heres erfahren Sie durch einen Klick auf das <em>i<\\\/em>.\",\"settings_perma\":\"Dauerhaft aktivieren und Daten\\u00fcber-tragung zustimmen:\",\"info_link\":\"http:\\\/\\\/www.heise.de\\\/ct\\\/artikel\\\/2-Klicks-fuer-mehr-Datenschutz-1333879.html\",\"uri\":\"https:\\\/\\\/www.beraternetworking.de\\\/?page_id=1378\",\"post_id\":1378,\"post_title_referrer_track\":\"B%C3%BCcher\",\"display_infobox\":\"on\"});}});\n\/* ]]> *\/<\/script><\/div>","protected":false},"excerpt":{"rendered":"<p>Mein B\u00fcro platzt aus allen N\u00e4hten, so dass ich mich von einigen Fachb\u00fcchern trennen will. Meine aktuellen Angebote, finden Sie hier<\/p>\n","protected":false},"author":2,"featured_media":1644,"parent":0,"menu_order":0,"comment_status":"closed","ping_status":"open","template":"","meta":{"jetpack_post_was_ever_published":false,"footnotes":""},"class_list":["post-1378","page","type-page","status-publish","has-post-thumbnail","hentry"],"aioseo_notices":[],"jetpack_sharing_enabled":true,"jetpack_shortlink":"https:\/\/wp.me\/P2vukt-me","jetpack-related-posts":[{"id":13,"url":"https:\/\/www.beraternetworking.de\/?page_id=13","url_meta":{"origin":1378,"position":0},"title":"Impressum, Datenschutzerkl\u00e4rung","author":"admin","date":"22. M\u00e4rz 2012","format":false,"excerpt":"Impressum beraternetworking ist der Blog f\u00fcr Berater und Beraterinnen aus den Praxisfeldern der Supervision, dem Coaching und\u00a0 Fachjournalismus. Am Anger 5 D-94447 Plattling Ansprechpartner: BBreit E-Mail: info(at)beraternetworking.de Inhaltlich Verantwortliche gem\u00e4\u00df \u00a7 55 Abs. 2 RStV:\u00a0 (Anschrift wie oben) Haftungshinweis: Trotz sorgf\u00e4ltiger inhaltlicher Kontrolle \u00fcbernehmen wir keine Haftung f\u00fcr die Inhalte\u2026","rel":"","context":"\u00c4hnlicher Beitrag","block_context":{"text":"\u00c4hnlicher Beitrag","link":""},"img":{"alt_text":"","src":"","width":0,"height":0},"classes":[]},{"id":249,"url":"https:\/\/www.beraternetworking.de\/?page_id=249","url_meta":{"origin":1378,"position":1},"title":"Links","author":"admin","date":"3. April 2012","format":false,"excerpt":"Netzwerke und Verb\u00e4nde f\u00fcr Unternehmerinnen Business and Professional Women www.bpw-germany.de B.F.B.M. - Verband der Frau im freien Beruf und im Management e.V. www.bfbm.de Journalistinnenbund e.V. www.journalistinnen.de Gr\u00fcnderinnenportal des Bundesministeriums f\u00fcr Wirtschaft und Technologie www.gruenderinnenportal.de www.manager-magazin.de Systemische Beratung, Supervision & Coaching www.dgsv.de Berufs- und Fachverband von Berater\/innen, die das Beratungskonzept Supervision\u2026","rel":"","context":"\u00c4hnlicher Beitrag","block_context":{"text":"\u00c4hnlicher Beitrag","link":""},"img":{"alt_text":"","src":"","width":0,"height":0},"classes":[]}],"jetpack_likes_enabled":true,"_links":{"self":[{"href":"https:\/\/www.beraternetworking.de\/index.php?rest_route=\/wp\/v2\/pages\/1378","targetHints":{"allow":["GET"]}}],"collection":[{"href":"https:\/\/www.beraternetworking.de\/index.php?rest_route=\/wp\/v2\/pages"}],"about":[{"href":"https:\/\/www.beraternetworking.de\/index.php?rest_route=\/wp\/v2\/types\/page"}],"author":[{"embeddable":true,"href":"https:\/\/www.beraternetworking.de\/index.php?rest_route=\/wp\/v2\/users\/2"}],"replies":[{"embeddable":true,"href":"https:\/\/www.beraternetworking.de\/index.php?rest_route=%2Fwp%2Fv2%2Fcomments&post=1378"}],"version-history":[{"count":0,"href":"https:\/\/www.beraternetworking.de\/index.php?rest_route=\/wp\/v2\/pages\/1378\/revisions"}],"wp:featuredmedia":[{"embeddable":true,"href":"https:\/\/www.beraternetworking.de\/index.php?rest_route=\/wp\/v2\/media\/1644"}],"wp:attachment":[{"href":"https:\/\/www.beraternetworking.de\/index.php?rest_route=%2Fwp%2Fv2%2Fmedia&parent=1378"}],"curies":[{"name":"wp","href":"https:\/\/api.w.org\/{rel}","templated":true}]}}